on factor of 20 and p?
20
Let y be -2 - 1/(-1) - 30. Let l = y + 57. Let n = l - 17. Calculate the greatest common factor of 99 and n.
9
Let p(r) = r**3 + 5*r**2 - 4*r - 2. Let s be p(-5). Suppose 5*n = 3*n + s. Calculate the greatest common divisor of 1 and n.
1
Let a(f) = f + 1. Let i be a(0). Let g be -1 + i - 88/(-2). Let t(b) = 2*b - 6. Let y be t(14). What is the highest common factor of g and y?
22
Suppose 0 = -2*a + 6*a, -2*q + 38 = 4*a. Suppose -4*o + 3*o + 152 = 0. What is the greatest common divisor of o and q?
19
Let n be 8/10*15/6. Suppose -n*x + 19 = -3. What is the greatest common factor of 99 and x?
11
Suppose 52 = 6*a - 2. Calculate the highest common divisor of a and 45.
9
Let t = -62 - -64. What is the greatest common factor of 8 and t?
2
Suppose 3*z = 9*z - 270. Suppose 2*w = -4*v + 6*w + 124, 55 = 2*v + 5*w. Calculate the highest common factor of v and z.
15
Suppose 0 = -5*b + 2*u - 31, b + b + 3*u + 20 = 0. Let p = 2 - b. Let w be (27/(-3))/(p/(-48)). What is the greatest common divisor of w and 6?
6
Let a be (-5)/(-15) + (-148)/(-6). Suppose 0 = -5*y + a + 95. What is the highest common factor of 60 and y?
12
Suppose 2*s - 4*s = -80. Let q be 2/4*s/4. Suppose 3*v = -12 + 132. Calculate the highest common divisor of v and q.
5
Let r(j) = j**3 - 2*j**2 + 2*j. Let i be r(2). Let b = -14 - i. Let c be (-40)/6*b/15. Calculate the highest common divisor of c and 2.
2
Suppose 5*p + 3*l - 90 = -0*p, 0 = p - l - 18. Let c be (-744)/15 + 4/(-10). Let t be (-2)/8 + c/(-8). Calculate the greatest common factor of t and p.
6
Suppose y - 2 - 30 = 0. Calculate the highest common divisor of y and 96.
32
Let x be (1/3)/((-1)/6). Let v(a) = -2*a**3 - 4*a**2 - 3*a - 1. Let m be v(x). What is the highest common divisor of 10 and m?
5
Let i = 4 - -2. Calculate the greatest common factor of 54 and i.
6
Suppose 4*k + 8 = 64. Let i be 2/(-7) + 802/k. What is the greatest common divisor of 38 and i?
19
Suppose w - 15 = 3*c, -2*c - 23 = 3*c - w. Let o = c + 7. Suppose -o*f - 9 + 57 = 0. Calculate the greatest common factor of 16 and f.
16
Let y be (-2 + 10)*(-1)/2. Let g(a) = 7*a**2 + 7*a + 4. Let c be g(y). Calculate the greatest common factor of 8 and c.
8
Let m be (10/(-4))/((-4)/8). Suppose -2*d - d = 5*q - 118, 5*d = -m*q + 190. What is the highest common factor of 4 and d?
4
Let y = 13 + -3. Let m(p) = p**3 - 11*p**2 + 11*p + 9. Let l be m(y). Calculate the greatest common factor of l and 209.
19
Let q be (-39 - -3)*(-13)/4. Suppose 0*m - 2*t + q = 3*m, m = 5*t + 39. What is the greatest common factor of m and 26?
13
Suppose -3*n = -n - 20. Calculate the greatest common divisor of 15 and n.
5
Suppose -7 + 27 = 5*l. Let z be -1*l/2 + 16. Suppose 3*y - 462 = 3*x, 3*x + 369 = 4*y - 247. Calculate the greatest common divisor of y and z.
14
Suppose 5*v = -4*w - 34, w = -v + 3*v + 11. Let g = v + 4. Let a = g - -50. What is the greatest common factor of 6 and a?
6
Let s(l) = l**3 - 9*l**2 + 10*l - 8. Let z be s(8). Let i be ((-4)/(-6))/(z/12). Let g be (i - 4)*112/(-6). What is the greatest common factor of 8 and g?
8
Let g(c) = -43*c - 5. Let o be g(-6). Suppose -2*u + o - 71 = 0. Let f = 133 - u. Calculate the highest common factor of f and 28.
14
Let o be 6/8 + 39/12. Let k be (-2 - -4)/((-2)/5). Let b = 3 - k. Calculate the highest common factor of b and o.
4
Let j(c) = -9*c + 2. Let o be j(-2). Suppose 0 = -3*m + 6, 5*m = 3*l - o - 90. Calculate the greatest common factor of 8 and l.
8
Let r(i) = -i**2 - 10*i - 5. Let n be r(-7). Suppose 2*s - s - 104 = 2*y, 2*s + y = 228. Calculate the greatest common divisor of n and s.
16
Let i be 9 + 2/6*3. Let x = i + -9. Suppose 3*a + t - 12 = 3*t, -3*a + 15 = -3*t. What is the highest common factor of x and a?
1
Let u(i) = -i**3 - 4*i**2 - 3*i - 4. Let l be u(-3). Let j = -5 - l. Let b be j + (-3)/(-6)*22. Calculate the greatest common factor of 15 and b.
5
Let q(w) = -16*w + 8. Let t be q(-7). Suppose 0*l - 96 = -2*l. What is the greatest common factor of t and l?
24
Let m be (-2)/4 + 2/(-8)*-14. Calculate the highest common factor of 1 and m.
1
Let c(m) = 2*m**2 + 5*m + 11. Let g be c(-5). Calculate the greatest common factor of g and 24.
12
Suppose -4*q + 4*r = 40, 0 = -q - r - 0*r. Let y(g) = g**3 + 4*g**2 - 7*g + 1. Let z be y(q). What is the highest common divisor of 11 and z?
11
Let a(n) = -n**3 + 14*n**2 - 8*n + 22. Let f be a(11). Suppose 2*b - f = -b. Calculate the greatest common factor of 11 and b.
11
Suppose -5*u = -5*a - 880, -3*u - u + 2*a + 704 = 0. What is the highest common factor of 22 and u?
22
Suppose 0*s = 2*q - 3*s - 237, -3*s = 3*q - 348. Calculate the highest common factor of 13 and q.
13
Suppose 2*w = -3*w. Suppose -4*j + 20 = w, 4*s + j + 10 = 103. What is the greatest common divisor of s and 22?
22
Suppose -4*z = 8, -2*z - 3 = d + 5. Let t = 22 + d. Let b = 7 - 4. Calculate the greatest common factor of t and b.
3
Let o be 2 + (-2 - 0) + 18. Let y(q) = -5*q**3 + q**2. Let v be y(-1). What is the highest common divisor of v and o?
6
Let v = 11 + -7. Suppose 0 = -v*s + 42 + 10. What is the highest common divisor of s and 130?
13
Suppose 12*o + o = 104. What is the greatest common factor of o and 24?
8
Suppose -c - 3 = -2*c. Let m = -8 + 10. Suppose -m*x = -5*x + 72. What is the highest common divisor of x and c?
3
Let x be (-2)/(3/((-117)/6)). Calculate the highest common divisor of x and 13.
13
Let k = 214 - 210. Suppose r = -2*t - 2*r - 4, -r = -2*t + 12. Calculate the greatest common divisor of k and t.
4
Let h(c) = 2*c**2 - c - 6. Let a be h(-7). Calculate the highest common factor of a and 9.
9
Let u be 3*2*(-12)/(-18). What is the highest common divisor of 16 and u?
4
Let y = 71 + -35. Let f(c) = -12 - 20*c - c**3 - c**3 + 17*c + c**3 - 8*c**2. Let m be f(-8). What is the highest common divisor of y and m?
12
Let s = -5 - -16. Calculate the highest common divisor of 99 and s.
11
Let k = 21 + -12. Suppose 2*g = -j + k - 0, -5*j = 5. Suppose 2*r = -3*r + 75. What is the greatest common divisor of r and g?
5
Let t(y) = -4*y**2 + 2*y - 2. Let p(x) = -x**2 - x. Let u(c) = 3*p(c) - t(c). Let d be u(6). Calculate the highest common factor of d and 64.
8
Let k(i) = 3*i**2 - 16*i - 8. Let g be k(-6). Calculate the highest common factor of g and 28.
28
Suppose -c - 1 = 7. Let k = -2 - c. Suppose 2*x = -3*d + 1, 0 = -x + k*x + d - 9. What is the greatest common divisor of 2 and x?
2
Suppose -f + 6*f - 8 = -2*i, -4*f + 9 = -i. Let q = -6 - -8. Calculate the highest common divisor of f and q.
2
Suppose -4 = -5*l - 19, -4*h + 3*l = -537. Suppose -3*i = -5*i + 24. What is the highest common divisor of h and i?
12
Let m = -8 - 8. Let s = 36 + m. Calculate the highest common divisor of s and 100.
20
Let b(i) be the first derivative of -i**4/4 + 7*i**3/3 + i**2/2 - i + 1. Let p be b(7). Let m be 285/p + 2/4. What is the highest common divisor of m and 6?
6
Let v be ((-8)/32 - (-7)/2)*4. What is the highest common divisor of 39 and v?
13
Suppose -4*l + 12 = -52. What is the highest common factor of l and 32?
16
Let b = 60 - 39. What is the greatest common factor of b and 14?
7
Suppose 0*v + 4*v + 1 = -3*j, 3*j - 23 = 2*v. Let d be (5/(-4))/(v/352). Let r be ((-3)/(-2))/((-3)/(-20)). Calculate the highest common factor of r and d.
10
Let r be ((-9)/15)/((-5)/25). What is the highest common factor of 2 and r?
1
Suppose -2*k = 3*m - 1, 3*k = 2*m + 7 + 14. Calculate the greatest common divisor of k and 45.
5
Let x be 18/4*(-160)/(-6). Suppose 2*z - 3*z + 4*y = -31, z + y - 11 = 0. Calculate the highest common factor of x and z.
15
Suppose -2*g - 2*z - 2*z = -20, 1 = 4*g - 5*z. Suppose 107 = g*s - 469. What is the greatest common divisor of 18 and s?
18
Let a(s) = 2*s - s + 0*s. Let j be a(-3). Let t be 3/(j/(-9) + 0). Calculate the highest common divisor of t and 6.
3
Suppose 0 = 2*a - 5*k - 50, 5*a + 0*k - k - 148 = 0. Let p(t) = 16*t + 0 - 1 - 4. Let d be p(5). What is the highest common factor of d and a?
15
Let g = -16 - -38. Suppose -4*d + 0*d + 148 = 0. Let w = 18 + d. Calculate the greatest common divisor of g and w.
11
Let w be (-24 + -2)*(-8)/2. Let t(d) = -4*d - 4. Let m be t(-3). Let q(s) = 2*s - 3. Let k be q(m). Calculate the greatest common divisor of k and w.
13
Suppose -w